 factors of 7064020?
2, 5, 353201
List the prime factors of 1566629.
131, 11959
What are the prime factors of 1142627?
53, 21559
List the prime factors of 8412032.
2, 65719
List the prime factors of 327855.
3, 5, 11, 1987
List the prime factors of 878476.
2, 219619
What are the prime factors of 38507?
7, 5501
List the prime factors of 6177423.
3, 7, 43, 6841
List the prime factors of 1862603.
83, 22441
What are the prime factors of 752771?
752771
What are the prime factors of 203837?
103, 1979
What are the prime factors of 1461867?
3, 11, 31, 1429
List the prime factors of 11060817.
3, 37, 251, 397
What are the prime factors of 2061806?
2, 53, 367
What are the prime factors of 23363140?
2, 5, 569, 2053
What are the prime factors of 11417810?
2, 5, 89, 12829
What are the prime factors of 45101?
7, 17, 379
List the prime factors of 798744.
2, 3, 23, 1447
List the prime factors of 11876863.
17, 29, 24091
List the prime factors of 4031131.
13, 310087
List the prime factors of 4697020.
2, 5, 234851
List the prime factors of 213970.
2, 5, 21397
List the prime factors of 5325581.
23, 231547
List the prime factors of 5906336.
2, 379, 487
What are the prime factors of 27205723?
227, 119849
List the prime factors of 3689323.
11, 17, 109, 181
What are the prime factors of 5496553?
179, 30707
List the prime factors of 11309134.
2, 5654567
What are the prime factors of 3906293?
3906293
List the prime factors of 30842606.
2, 2311, 6673
What are the prime factors of 366553?
11, 47, 709
What are the prime factors of 1944829?
1944829
List the prime factors of 1622960.
2, 5, 20287
What are the prime factors of 587884?
2, 11, 31, 431
List the prime factors of 9975391.
29, 61, 5639
What are the prime factors of 18602278?
2, 9301139
What are the prime factors of 2388145?
5, 101, 4729
What are the prime factors of 1779156?
2, 3, 73, 677
What are the prime factors of 10487243?
13, 37, 21803
List the prime factors of 114226.
2, 7, 41, 199
List the prime factors of 7731862.
2, 41, 94291
List the prime factors of 490533.
3, 113, 1447
List the prime factors of 4701493.
19, 97, 2551
What are the prime factors of 8988689?
8988689
What are the prime factors of 285429?
3, 95143
List the prime factors of 287921.
287921
List the prime factors of 115735.
5, 79, 293
List the prime factors of 1389652.
2, 11, 31583
List the prime factors of 184452.
2, 3, 19, 809
List the prime factors of 756517.
17, 44501
List the prime factors of 5682918.
2, 3, 523, 1811
List the prime factors of 1570534.
2, 7, 112181
What are the prime factors of 2720574?
2, 3, 83, 607
What are the prime factors of 582748?
2, 145687
List the prime factors of 30110537.
67, 449411
List the prime factors of 21641535.
3, 5, 593, 811
List the prime factors of 966140.
2, 5, 7, 67, 103
List the prime factors of 276409.
7, 5641
What are the prime factors of 381489?
3, 127163
What are the prime factors of 300244?
2, 7, 10723
What are the prime factors of 476775?
3, 5, 13, 163
List the prime factors of 5230540.
2, 5, 7, 37361
List the prime factors of 4492448.
2, 29, 47, 103
List the prime factors of 30874435.
5, 41, 150607
What are the prime factors of 572494?
2, 13, 97, 227
What are the prime factors of 219052?
2, 23, 2381
What are the prime factors of 3783446?
2, 571, 3313
What are the prime factors of 16710520?
2, 5, 417763
What are the prime factors of 508943?
508943
What are the prime factors of 283649?
29, 9781
What are the prime factors of 43235?
5, 8647
What are the prime factors of 99585?
3, 5, 2213
List the prime factors of 1745966.
2, 179, 4877
List the prime factors of 211341.
3, 13, 5419
List the prime factors of 431570.
2, 5, 103, 419
What are the prime factors of 8147604?
2, 3, 821, 827
List the prime factors of 81680.
2, 5, 1021
What are the prime factors of 225532?
2, 56383
What are the prime factors of 168912?
2, 3, 17, 23
What are the prime factors of 141463?
7, 2887
List the prime factors of 588951.
3, 11, 661
List the prime factors of 389611.
167, 2333
List the prime factors of 389740.
2, 5, 13, 1499
List the prime factors of 309464.
2, 101, 383
What are the prime factors of 5227107?
3, 1742369
List the prime factors of 118687.
118687
List the prime factors of 145925.
5, 13, 449
What are the prime factors of 1451895?
3, 5, 43, 2251
List the prime factors of 3730494.
2, 3, 621749
What are the prime factors of 5333803?
67, 79609
List the prime factors of 6960739.
6960739
What are the prime factors of 9589806?
2, 3, 177589
What are the prime factors of 187375?
5, 1499
List the prime factors of 9751315.
5, 7, 278609
List the prime factors of 181437.
3, 197, 307
What are the prime factors of 34486?
2, 43, 401
List the prime factors of 49450.
2, 5, 23, 43
List the prime factors of 480202.
2, 240101
List the prime factors of 51718.
2, 19, 1361
List the prime factors of 106305.
3, 5, 19, 373
List the prime factors of 1990824.
2, 3, 11, 7541
List the prime factors of 131433.
3, 193, 227
List the prime factors of 1581608.
2, 7, 61, 463
List the prime factors of 12868587.
3, 1429843
What are the prime factors of 251004?
2, 3, 13, 1609
List the prime factors of 22109230.
2, 5, 11, 13, 15461
List the prime factors of 828886.
2, 17, 24379
List the prime factors of 64062.
2, 3, 3559
List the prime factors of 213200.
2, 5, 13, 41
List the prime factors of 124528.
2, 43, 181
List the prime factors of 5490720.
2, 3, 5, 31, 41
What are the prime factors of 29775925?
5, 17, 70061
List the prime factors of 14642699.
41, 357139
What are the prime factors of 5793557?
7, 11, 67, 1123
What are the prime factors of 25996497?
3, 8665499
List the prime factors of 3712947.
3, 7, 176807
What are the prime factors of 5726490?
2, 3, 5, 7, 11, 37, 67
List the prime factors of 1177821.
3, 37, 131
List the prime factors of 907243.
59, 15377
List the prime factors of 1108410.
2, 3, 5, 36947
List the prime factors of 10342926.
2, 3, 11, 52237
What are the prime factors of 1655212?
2, 13, 139, 229
List the prime factors of 193876.
2, 19, 2551
List the prime factors of 15039106.
2, 7519553
What are the prime factors of 2491962?
2, 3, 11, 17, 2221
List the prime factors of 136437.
3, 7, 73, 89
List the prime factors of 4642673.
7, 663239
List the prime factors of 7440895.
5, 7, 11, 251
List the prime factors of 18977566.
2, 47, 201889
What are the prime factors of 136829?
7, 11, 1777
What are the prime factors of 7527102?
2, 3, 11, 59, 1933
List the prime factors of 1744308.
2, 3, 31, 521
What are the prime factors of 1717079?
7, 13, 18869
List the prime factors of 98741.
293, 337
List the prime factors of 12634877.
12634877
List the prime factors of 10123385.
5, 37, 54721
List the prime factors of 331399.
331399
What are the prime factors of 8645347?
61, 239, 593
What are the prime factors of 5557887?
3, 79, 7817
List the prime factors of 76728.
2, 3, 23, 139
What are the prime factors of 12839728?
2, 11, 72953
What are the prime factors of 171153?
3, 2113
What are the prime factors of 157690?
2, 5, 13, 1213
List the prime factors of 478656.
2, 3, 277
List the prime factors of 7817917.
863, 9059
List the prime factors of 4989581.
4989581
List the prime factors of 27984736.
2, 13, 67271
List the prime factors of 140604.
2, 3, 11717
What are the prime factors of 112664?
2, 14083
List the prime factors of 48462.
2, 3, 41, 197
List the prime factors of 1795574.
2, 11, 17, 4801
List the prime factors of 14103.
3, 1567
List the prime factors of 350940.
2, 3, 5, 5849
What are the prime factors of 5386843?
7, 11, 69959
What are the prime factors of 3403051?
97, 35083
List the prime factors of 1868608.
2, 7, 43, 97
What are the prime factors of 15819160?
2, 5, 7, 1153
List the prime factors of 15296202.
2, 3, 94421
What are the prime factors of 804108?
2, 3, 113, 593
List the prime factors of 160258.
2, 7, 11447
List the prime factors of 3266580.
2, 3, 5, 54443
List the prime factors of 167009.
167009
What are the prime factors of 456412?
2, 11, 23, 41
List the prime factors of 3191887.
1051, 3037
What are the prime factors of 459508?
2, 7, 16411
List the prime factors of 69549.
3, 97, 239
List the prime factors of 5978829.
3, 701, 2843
List the prime factors of 516747.
3, 7, 11, 2237
What are the prime factors of 250545?
3, 5, 16703
List th